 + 13. Let b be u(14). Let w be -4*1*(b - 7). Suppose 5*m + 3*r = 3*m + w, 2*r = 0. Calculate the remainder when m is divided by 6.
4
Let d(z) = z**3 - 13*z**2 - 50*z + 37. What is the remainder when 16 is divided by d(16)?
1
Suppose 4*k - 59 = 5*u + 20, -5*k + u = -83. Calculate the remainder when 396 is divided by k.
12
Let l = 147 + 165. What is the remainder when l is divided by 79?
75
Let q(n) = 4*n**2 + n + 3. Calculate the remainder when 330 is divided by q(3).
36
Suppose 0 = -4*c + 18 - 10. Let y be 3 + 1/c*2. Suppose -2*m = 8, 2*m = -y*l + 3 + 5. Calculate the remainder when 9 is divided by l.
1
Suppose 46*u - 5579 = 125. Calculate the remainder when u is divided by 21.
19
Suppose 2*v + 2*n = -0*n - 222, 2*v - 5*n + 229 = 0. Suppose -734*z = -735*z + 14. Calculate the remainder when v/(1 - 3) + -1 is divided by z.
13
Suppose -223 = -2*q + t, 2*t - 324 = 4*q - 7*q. Calculate the remainder when q is divided by 57.
53
Let m(l) = -l**3 + 17*l**2 + 18*l + 1. Let a be m(18). Let b = 24 - a. What is the remainder when b is divided by 4?
3
Suppose 4*s + 3*u - 20 = 0, -5*s - 3*u = -24 + 2. Let a(v) = 0 + 5*v + 2*v**3 - 7*v + 0 - 2*v**s. Calculate the remainder when a(3) is divided by 11.
8
Suppose 3*q + 5*j = 776, -2*j + 0 - 4 = 0. Suppose 0 = 3*k - d - q, -304 = -3*k + 4*d - 48. What is the remainder when k is divided by 18?
16
Let u be 252/(-15) + 2/(-10). Let b = u - -29. Suppose 3*i - b = -0*i. Calculate the remainder when 6 is divided by i.
2
Suppose 972 = 31*d - 25*d. Calculate the remainder when d is divided by 15.
12
What is the remainder when 486 is divided by ((-70)/4)/(456/(-32) - -14)?
66
Let i(l) = -l**3 - 2*l**2 - 2*l - 6. Let n be i(4). Let a = n - -202. Calculate the remainder when a is divided by 16.
12
Suppose 0 = 5*q - 2*i - 283, 6*q - 3*q + 2*i = 173. What is the remainder when q is divided by 23?
11
Let x(c) be the second derivative of c**5/10 + c**4/12 + c**3/3 - 3*c**2/2 - 10*c. What is the remainder when x(2) is divided by 12?
9
Let n(u) = -2 - u**3 + 4*u - 4*u**2 - 2*u**3 + 2*u**3. Suppose -11*y + 6*y + 30 = -l, -2*l = 2*y. Calculate the remainder when y is divided by n(-5).
2
Suppose 13*o = 54 + 180. Suppose -2*k = 3*k + 5. Let z = o - k. Calculate the remainder when 56 is divided by z.
18
Calculate the remainder when 1/6 + (-8077)/(-246) is divided by 14.
5
Let x be ((-2)/6)/((-2)/(-6)). Let t(s) be the second derivative of 7*s**4/6 - s**3/3 - s**2/2 - 4*s. What is the remainder when t(x) is divided by 4?
3
Suppose -5*x + 111 = 4*v, -x = -3*x - 2. Let h = -179 + 195. What is the remainder when v is divided by h?
13
Suppose -2*u + 32 = 2*p, 5*p = 4*p + 2*u + 13. What is the remainder when p is divided by (9/(-12))/(2/(-24))?
6
Suppose -8*p + 190 = -66. What is the remainder when p is divided by 50/3 + 3/9?
15
Let o be (40/60)/((-4)/(-18)). Suppose -208 = -o*k - k. Calculate the remainder when k is divided by 14.
10
Let k(u) = 17*u**2 + u. Suppose 4 = -d - 0. Calculate the remainder when k(1) is divided by 10/(-40) + (-21)/d.
3
Let q be (-1)/(-3) + (-475)/57. Let w(n) = -n**3 - 10*n**2 - 19*n - 10. Calculate the remainder when w(q) is divided by 8.
6
Suppose 0 = 4*z + 3*f + 56, 4*f = -z - z - 28. Suppose -h + 13 = 5*q - 22, 2*h - 3*q - 44 = 0. What is the remainder when 21/z*94/(-3) is divided by h?
22
Suppose 0 = -3*b - 1 + 7. Suppose 2*c = 2*x - 20, 2*c = 2*x + b*x - 32. What is the remainder when 2/(((-15)/24)/(-5)) is divided by x?
4
Let i = 4 + -11. Calculate the remainder when 45 + i/(35/(-10)) is divided by 10.
7
Suppose -33 - 59 = -4*t. Let p(m) = -m**2 + 7*m + 6. Suppose c - 6*c - 4*n = -19, -25 = -3*c + n. What is the remainder when t is divided by p(c)?
5
Let d = -978 + 1391. Suppose 21*x = 406 + d. What is the remainder when 192 is divided by x?
36
Suppose -8*u + 45 = b - 3*u, -2*b + 5*u = -150. Calculate the remainder when 215 is divided by b.
20
Suppose 0 = -2*y - s + 6*s - 177, 0 = -3*y - 4*s - 300. Calculate the remainder when 99 is divided by 1*1/(-3) - 2432/y.
24
Let t = 19 - 66. Let w = -39 - t. Calculate the remainder when w is divided by 5.
3
Suppose 2*d = d + 6. Let o = -27 + 41. What is the remainder when o is divided by d?
2
Suppose -44*v - 591 = -47*v. What is the remainder when v is divided by 20?
17
Suppose -277 = -3*w + 4*x - 0*x, 2*x = 5*w - 443. Let b = -75 + w. Calculate the remainder when 23 is divided by b.
11
Let d(g) = g + 3. Let m = 126 - 117. Calculate the remainder when d(14) is divided by m.
8
Let w(f) = -f**3 + 4*f**2 - 3*f + 4. Let y be w(3). Suppose 19 = 5*z + y, -3*z = 2*k - 17. Calculate the remainder when 19 is divided by k.
3
Let t be (-5)/25 + (-3296)/20. Calculate the remainder when 7 is divided by t/(-60) + (-2)/(-8).
1
Let h(n) = n**3 + 6*n**2 - 10*n - 17. Let u be h(-7). Suppose 3*m = u*v + m - 54, 5*v + 4*m = 74. What is the remainder when 96 is divided by v?
12
Suppose 0 = -40*a + 34*a + 234. Let h = 69 - a. Calculate the remainder when 148 is divided by h.
28
Suppose 4*w + 5*h = -12, 0*h + 14 = 5*w - h. Let i = 7 - 7. Suppose i = w*p - 3*n - 152, 0*p = -p + 3*n + 73. What is the remainder when p is divided by 20?
19
Suppose 4*k + 4*x = 18 + 10, -5*k = -3*x - 51. Let f = 1 + k. Let n = 3289 - 3272. Calculate the remainder when n is divided by f.
7
Let v(z) = z**3 + 8*z**2 - 8*z - 32. What is the remainder when v(-6) is divided by 27?
7
Suppose -10 = -4*l + 5*l. Let f = l - -17. What is the remainder when 17 is divided by f?
3
Let q(g) = g**3 - 4*g**2 + 9*g - 11. What is the remainder when q(6) is divided by -42*(-2 + 1) - 3?
37
Suppose 4*a + 48 = 2*d - 0*d, 108 = 4*d - 4*a. Let w = -30 + d. Suppose w = -7*p + 8*p - 24. Calculate the remainder when p is divided by 9.
6
Let u be -1 + 2 - (-18 - -19). What is the remainder when (-1 - u)/(((-21)/(-66))/(-7)) is divided by 8?
6
What is the remainder when 229 is divided by -4 + 3 - 4 - (-27 + 1)?
19
Let f = -145 + 100. What is the remainder when 166 is divided by ((-210)/f)/((-38)/(-18) + -2)?
40
Let q = -304 + 332. What is the remainder when q is divided by 3?
1
Suppose -25 = -2*c + 3. Let z be -9 + 6 + 1 + 0 - -216. Suppose z - 6 = 8*i. Calculate the remainder when i is divided by c.
12
Let x(o) = o**3 - o**2 - 5. What is the remainder when x(4) is divided by 17 + (7 + 3)*((-2)/4 - -1)?
21
Let p = -31 + 38. Suppose -5*h + 85 = -0*h. What is the remainder when h is divided by (-100)/(-35)*p/2?
7
Let v = -511 - -517. Calculate the remainder when 19 is divided by v.
1
Let d be 2/5 + (-69)/(-15). Suppose i - 497 = -d*x, 1 = -3*i - 8. Suppose -6*y + x = -2*y. Calculate the remainder when 49 is divided by y.
24
Suppose 5*m + 2*w + 20 = 0, 3*w - 8*w = 0. Let b = m + 12. Let o(z) = z**2 - 2*z - 9. Calculate the remainder when o(b) is divided by 14.
11
Suppose -v = -22 + 7. Suppose 0 = q - v - 9. Let k = q + -18. Calculate the remainder when k is divided by 3.
0
Suppose -3*d = -4*d + 51. Let o = 50 - 32. Calculate the remainder when d is divided by o.
15
Suppose 6*y - 530 = -146. Suppose -106 = -3*k - 5*q + 90, -k - 3*q = -y. What is the remainder when k is divided by 18?
13
Suppose 24*s - 22*s = -10, u + 4*s = 14. Calculate the remainder when 50 is divided by u.
16
Let z be (4/(-5))/(6/(-105)). Suppose 3*f + 4*h - 20 = 2*h, -3*f + 2*h + 28 = 0. What is the remainder when -2 - (3 + -3 - z) is divided by f?
4
Let h be 30 - 6*(-2)/(-6). Suppose -5*a + b + 3*b = -h, b = -a + 11. Calculate the remainder when 31 is divided by a.
7
Let p = 57 - 45. Calculate the remainder when 47 is divided by p.
11
Let g(n) = -n**2 + 4*n + 2. Let r be g(6). Let a = -19 + 14. Let c = a - r. Calculate the remainder when 23 is divided by c.
3
Calculate the remainder when 238 is divided by 25 + (-2 - (-3)/9*3).
22
Let u(o) = 4*o**3 - 70*o**2 + 35*o - 8. What is the remainder when u(17) is divided by (-3)/(10/(-4) + 1)?
1
Suppose -3*f = -3*t - 42, 8*f - 11*f + 32 = 2*t. What is the remainder when (3/(-3))/(1/(-59)) is divided by f?
11
Suppose 0 = 121*m - 108*m - 13. Calculate the remainder when 46 is divided by m.
0
Suppose -7*v + 899 = -207. Calculate the remainder when v is divided by 32.
30
Suppose 3*i + t = -42 + 252, -3*t - 336 = -5*i. What is the remainder when 132 is divided by i?
63
Suppose -4*j = -5*h - 119, -2*j + h - 101 = -6*j. Let m(n) = 